{"id":167,"date":"2023-11-14T19:52:00","date_gmt":"2023-11-14T18:52:00","guid":{"rendered":"https:\/\/pukg.pl\/?page_id=167"},"modified":"2023-11-15T21:03:03","modified_gmt":"2023-11-15T20:03:03","slug":"kontakt","status":"publish","type":"page","link":"https:\/\/pukg.pl\/?page_id=167","title":{"rendered":"Kontakt"},"content":{"rendered":"\n<div class=\"wp-block-columns is-layout-flex wp-container-core-columns-is-layout-9d6595d7 wp-block-columns-is-layout-flex\">\n<div class=\"wp-block-column is-layout-flow wp-block-column-is-layout-flow\">\n<p><strong>Przedsi\u0119biorstwo Us\u0142ug Komunalnych <\/strong><br><strong>Gietrzwa\u0142d Sp. z o.o.<\/strong><br>ul. Spacerowa 14\/4<br>11-036 Gietrzwa\u0142d<br>Tel. (89) 512 35 10<\/p>\n\n\n\n<p>Pracujemy od poniedzia\u0142ku do pi\u0105tku <br>w godzinach 7:00 &#8211; 15:00<\/p>\n\n\n\n<p>Tel. (89) 512 35 10 czynny jest tak\u017ce po godz. 15:00 oraz w dni wolne od&nbsp; pracy jako centrala automatyczna umo\u017cliwia kontakt z pracownikiem dy\u017curnym w sprawach pilnych \u2013 awarie&nbsp;(dy\u017cur domowy)<\/p>\n\n\n\n<p>e-mail: <a href=\"mailto:kontakt@pukg.pl\">kontakt@pukg.pl<\/a><\/p>\n<\/div>\n\n\n\n<div class=\"wp-block-column is-layout-flow wp-block-column-is-layout-flow\">\n<h4 class=\"wp-block-heading has-text-align-center\">ADRES KORESPONDENCYJNY<\/h4>\n\n\n\n<p class=\"has-text-align-center\">ul. Spacerowa 14\/4<\/p>\n\n\n\n<p class=\"has-text-align-center\">11-036 Gietrzwa\u0142d<strong><\/strong><\/p>\n\n\n\n<p class=\"has-text-align-center\">kontakt@pukg.pl<\/p>\n\n\n\n<h4 class=\"wp-block-heading has-text-align-center\">TELEFON&nbsp;ALARMOWY<\/h4>\n\n\n\n<p class=\"has-text-align-center\">W przypadku problem\u00f3w z sieci\u0105 wodoci\u0105gowo-kanalizacyjn\u0105 prosz\u0119 dzwoni\u0107 na numer<\/p>\n\n\n\n<p class=\"has-text-align-center\"><a href=\"http:\/\/+48895123510\/\"><strong>(89) 512 35 10<\/strong><\/a><\/p>\n\n\n\n<p class=\"has-text-align-center\">w przypadku zak\u0142\u00f3ce\u0144 w dostawie wody <br>\u2013&nbsp;<strong>wybierz 1<\/strong><\/p>\n\n\n\n<p class=\"has-text-align-center\">w przypadku awarii w odbiorze \u015bciek\u00f3w <br>\u2013\u00a0<strong>wybierz 2<\/strong><\/p>\n\n\n\n<p class=\"has-text-align-center\"><em>Po wybraniu odpowiedniej cyfry po\u0142\u0105czenie zostanie przekierowane do odpowiedniego pracownika dy\u017curnego<\/em><\/p>\n<\/div>\n<\/div>\n","protected":false},"excerpt":{"rendered":"<p>Przedsi\u0119biorstwo Us\u0142ug Komunalnych Gietrzwa\u0142d Sp. z o.o.ul. Spacerowa 14\/411-036 Gietrzwa\u0142dTel. (89) 512 35 10 Pracujemy od poniedzia\u0142ku do pi\u0105tku w godzinach 7:00 &#8211; 15:00 Tel. (89) 512 35 10 czynny jest tak\u017ce po godz. 15:00 oraz w dni wolne od&nbsp; pracy jako centrala automatyczna umo\u017cliwia kontakt z pracownikiem dy\u017curnym w sprawach pilnych \u2013 awarie&nbsp;(dy\u017cur domowy) [&hellip;]<\/p>\n","protected":false},"author":2,"featured_media":0,"parent":0,"menu_order":0,"comment_status":"closed","ping_status":"closed","template":"","meta":{"footnotes":""},"class_list":["post-167","page","type-page","status-publish","hentry"],"_links":{"self":[{"href":"https:\/\/pukg.pl\/index.php?rest_route=\/wp\/v2\/pages\/167","targetHints":{"allow":["GET"]}}],"collection":[{"href":"https:\/\/pukg.pl\/index.php?rest_route=\/wp\/v2\/pages"}],"about":[{"href":"https:\/\/pukg.pl\/index.php?rest_route=\/wp\/v2\/types\/page"}],"author":[{"embeddable":true,"href":"https:\/\/pukg.pl\/index.php?rest_route=\/wp\/v2\/users\/2"}],"replies":[{"embeddable":true,"href":"https:\/\/pukg.pl\/index.php?rest_route=%2Fwp%2Fv2%2Fcomments&post=167"}],"version-history":[{"count":10,"href":"https:\/\/pukg.pl\/index.php?rest_route=\/wp\/v2\/pages\/167\/revisions"}],"predecessor-version":[{"id":253,"href":"https:\/\/pukg.pl\/index.php?rest_route=\/wp\/v2\/pages\/167\/revisions\/253"}],"wp:attachment":[{"href":"https:\/\/pukg.pl\/index.php?rest_route=%2Fwp%2Fv2%2Fmedia&parent=167"}],"curies":[{"name":"wp","href":"https:\/\/api.w.org\/{rel}","templated":true}]}}