{"id":182,"date":"2023-11-15T13:00:07","date_gmt":"2023-11-15T12:00:07","guid":{"rendered":"https:\/\/pukg.pl\/?page_id=182"},"modified":"2025-02-14T16:02:38","modified_gmt":"2025-02-14T15:02:38","slug":"umowa-wod-kan","status":"publish","type":"page","link":"https:\/\/pukg.pl\/?page_id=182","title":{"rendered":"Umowa WOD-KAN"},"content":{"rendered":"\n<div class=\"wp-block-file\"><a id=\"wp-block-file--media-03322795-edb7-47be-a35c-8abda597b275\" href=\"https:\/\/pukg.pl\/wp-content\/uploads\/2023\/11\/wniosek-o-zawarcie-umowy.docx\"><strong>Wniosek o zawarcie umowy<\/strong><\/a><a href=\"https:\/\/pukg.pl\/wp-content\/uploads\/2023\/11\/wniosek-o-zawarcie-umowy.docx\" class=\"wp-block-file__button wp-element-button\" download aria-describedby=\"wp-block-file--media-03322795-edb7-47be-a35c-8abda597b275\">Pobierz<\/a><\/div>\n\n\n\n<div class=\"wp-block-file\"><a id=\"wp-block-file--media-be1c9a44-2567-4109-9507-0edc98fc19c1\" href=\"https:\/\/pukg.pl\/wp-content\/uploads\/2023\/11\/Oswiadczenie-cele-poboru-wody.docx\"><strong>O\u015bwiadczenie &#8211; cele poboru wody<\/strong><\/a><a href=\"https:\/\/pukg.pl\/wp-content\/uploads\/2023\/11\/Oswiadczenie-cele-poboru-wody.docx\" class=\"wp-block-file__button wp-element-button\" download aria-describedby=\"wp-block-file--media-be1c9a44-2567-4109-9507-0edc98fc19c1\">Pobierz<\/a><\/div>\n\n\n\n<div class=\"wp-block-file\"><a id=\"wp-block-file--media-6df703b3-d260-4999-a2d9-3466b8b5f121\" href=\"https:\/\/pukg.pl\/wp-content\/uploads\/2023\/11\/oswiadczenie_o_posiadaniu_prawa_do_nieruchomosci.doc\"><strong>O\u015bwiadczenie o posiadaniu prawa do nieruchomo\u015bci<\/strong><\/a><a href=\"https:\/\/pukg.pl\/wp-content\/uploads\/2023\/11\/oswiadczenie_o_posiadaniu_prawa_do_nieruchomosci.doc\" class=\"wp-block-file__button wp-element-button\" download aria-describedby=\"wp-block-file--media-6df703b3-d260-4999-a2d9-3466b8b5f121\">Pobierz<\/a><\/div>\n\n\n\n<div class=\"wp-block-file\"><a id=\"wp-block-file--media-62f6f3c7-baf9-4102-8758-ff36234f51a3\" href=\"https:\/\/pukg.pl\/wp-content\/uploads\/2023\/11\/Obowiazek-informacyjny.pdf\"><strong>Obowi\u0105zek informacyjny<\/strong><\/a><a href=\"https:\/\/pukg.pl\/wp-content\/uploads\/2023\/11\/Obowiazek-informacyjny.pdf\" class=\"wp-block-file__button wp-element-button\" download aria-describedby=\"wp-block-file--media-62f6f3c7-baf9-4102-8758-ff36234f51a3\">Pobierz<\/a><\/div>\n\n\n\n<div class=\"wp-block-file\"><a id=\"wp-block-file--media-bbcbff89-5b2d-49d1-b7d5-144145110cbd\" href=\"https:\/\/pukg.pl\/wp-content\/uploads\/2025\/02\/WZOR-UMOWY-1.docx\">WZ\u00d3R UMOWY<\/a><a href=\"https:\/\/pukg.pl\/wp-content\/uploads\/2025\/02\/WZOR-UMOWY-1.docx\" class=\"wp-block-file__button wp-element-button\" download aria-describedby=\"wp-block-file--media-bbcbff89-5b2d-49d1-b7d5-144145110cbd\">Pobierz<\/a><\/div>\n\n\n\n<div class=\"wp-block-file\"><a id=\"wp-block-file--media-cf07cd2a-9a9f-4fc1-b066-c5b38f5b8f8c\" href=\"https:\/\/pukg.pl\/wp-content\/uploads\/2023\/11\/wniosek-o-rozwiazanie-umowy-wod-kan.pdf\"><strong>Wniosek o rozwi\u0105zanie umowy WOD-KAN<\/strong><\/a><a href=\"https:\/\/pukg.pl\/wp-content\/uploads\/2023\/11\/wniosek-o-rozwiazanie-umowy-wod-kan.pdf\" class=\"wp-block-file__button wp-element-button\" download aria-describedby=\"wp-block-file--media-cf07cd2a-9a9f-4fc1-b066-c5b38f5b8f8c\">Pobierz<\/a><\/div>\n\n\n\n<div class=\"wp-block-file\"><a id=\"wp-block-file--media-2a16df64-b8b6-4eeb-b8ae-4027d8e5d435\" href=\"https:\/\/pukg.pl\/wp-content\/uploads\/2023\/11\/oswiadczenie-o-gromadzeniu-nieczystosci-cieklych.pdf\"><strong>O\u015bwiadczenie o gromadzeniu nieczysto\u015bci ciek\u0142ych<\/strong><\/a><a href=\"https:\/\/pukg.pl\/wp-content\/uploads\/2023\/11\/oswiadczenie-o-gromadzeniu-nieczystosci-cieklych.pdf\" class=\"wp-block-file__button wp-element-button\" download aria-describedby=\"wp-block-file--media-2a16df64-b8b6-4eeb-b8ae-4027d8e5d435\">Pobierz<\/a><\/div>\n","protected":false},"excerpt":{"rendered":"","protected":false},"author":3,"featured_media":0,"parent":0,"menu_order":0,"comment_status":"closed","ping_status":"closed","template":"","meta":{"footnotes":""},"class_list":["post-182","page","type-page","status-publish","hentry"],"_links":{"self":[{"href":"https:\/\/pukg.pl\/index.php?rest_route=\/wp\/v2\/pages\/182","targetHints":{"allow":["GET"]}}],"collection":[{"href":"https:\/\/pukg.pl\/index.php?rest_route=\/wp\/v2\/pages"}],"about":[{"href":"https:\/\/pukg.pl\/index.php?rest_route=\/wp\/v2\/types\/page"}],"author":[{"embeddable":true,"href":"https:\/\/pukg.pl\/index.php?rest_route=\/wp\/v2\/users\/3"}],"replies":[{"embeddable":true,"href":"https:\/\/pukg.pl\/index.php?rest_route=%2Fwp%2Fv2%2Fcomments&post=182"}],"version-history":[{"count":4,"href":"https:\/\/pukg.pl\/index.php?rest_route=\/wp\/v2\/pages\/182\/revisions"}],"predecessor-version":[{"id":609,"href":"https:\/\/pukg.pl\/index.php?rest_route=\/wp\/v2\/pages\/182\/revisions\/609"}],"wp:attachment":[{"href":"https:\/\/pukg.pl\/index.php?rest_route=%2Fwp%2Fv2%2Fmedia&parent=182"}],"curies":[{"name":"wp","href":"https:\/\/api.w.org\/{rel}","templated":true}]}}