{"id":194,"date":"2023-11-15T13:04:19","date_gmt":"2023-11-15T12:04:19","guid":{"rendered":"https:\/\/pukg.pl\/?page_id=194"},"modified":"2025-12-30T12:20:31","modified_gmt":"2025-12-30T11:20:31","slug":"stawki-oplat","status":"publish","type":"page","link":"https:\/\/pukg.pl\/?page_id=194","title":{"rendered":"Stawki op\u0142at"},"content":{"rendered":"\n<p>Zarz\u0105d\u00a0Przedsi\u0119biorstwa\u00a0Us\u0142ug Komunalnych\u00a0Gietrzwa\u0142d\u00a0Sp. z o.o.\u00a0z siedzib\u0105 w\u00a0Gietrzwa\u0142dzie,\u00a0informuje i\u017c decyzj\u0105 nr G.RZT.70.1.36.2025.MW.8\u00a0z dnia\u00a016 grudnia 2025\u00a0r., wydan\u0105 przez organ reguluj\u0105cy Pa\u0144stwowe Gospodarstwo Wodne Wody Polskie, Regionalny Zarz\u0105d Gospodarki Wodnej w Gda\u0144sku, zosta\u0142a zatwierdzona Taryfa dla zbiorowego zaopatrzenia w wod\u0119 i zbiorowego odprowadzania \u015bciek\u00f3w na terenie Gminy Gietrzwa\u0142d na okres trzech lat.\u00a0Taryfy\u00a0Przedsi\u0119biorstwa\u00a0Us\u0142ug Komunalnych\u00a0Gietrzwa\u0142d\u00a0Sp. z o.o. w Gietrzwa\u0142dzie\u00a0dla zbiorowego zaopatrzenia w wod\u0119 i zbiorowego odprowadzania \u015bciek\u00f3w na terenie Gminy Gietrzwa\u0142d zosta\u0142y opublikowane na BIP Pa\u0144stwowego Gospodarstwa Wodnego Wody Polskie w dniu 23.12.2025\u00a0r., w zwi\u0105zku z powy\u017cszym wchodz\u0105 w \u017cycie z dniem\u00a031.12.2025\u00a0r.<\/p>\n\n\n\n<div class=\"wp-block-media-text is-stacked-on-mobile\"><figure class=\"wp-block-media-text__media\"><\/figure><div class=\"wp-block-media-text__content\">\n<p><\/p>\n\n\n\n<div data-wp-interactive=\"core\/file\" class=\"wp-block-file\"><object data-wp-bind--hidden=\"!state.hasPdfPreview\" hidden class=\"wp-block-file__embed\" data=\"https:\/\/pukg.pl\/wp-content\/uploads\/2025\/12\/G.RZT_.70.1.36.2025.MW_.8-Decyzja-Wody-Polskie-Taryfa-16.12.2025-1.pdf\" type=\"application\/pdf\" style=\"width:100%;height:600px\" aria-label=\"Osadzone z G.RZT.70.1.36.2025.MW.8 - Decyzja Wody Polskie Taryfa - 16.12.2025.\"><\/object><a id=\"wp-block-file--media-9a08e0fb-f4a4-48ff-a6de-d481fe9dfbc4\" href=\"https:\/\/pukg.pl\/wp-content\/uploads\/2025\/12\/G.RZT_.70.1.36.2025.MW_.8-Decyzja-Wody-Polskie-Taryfa-16.12.2025-1.pdf\">G.RZT.70.1.36.2025.MW.8 &#8211; Decyzja Wody Polskie Taryfa &#8211; 16.12.2025<\/a><a href=\"https:\/\/pukg.pl\/wp-content\/uploads\/2025\/12\/G.RZT_.70.1.36.2025.MW_.8-Decyzja-Wody-Polskie-Taryfa-16.12.2025-1.pdf\" class=\"wp-block-file__button wp-element-button\" download aria-describedby=\"wp-block-file--media-9a08e0fb-f4a4-48ff-a6de-d481fe9dfbc4\">Pobierz<\/a><\/div>\n\n\n\n<div data-wp-interactive=\"core\/file\" class=\"wp-block-file\"><object data-wp-bind--hidden=\"!state.hasPdfPreview\" hidden class=\"wp-block-file__embed\" data=\"https:\/\/pukg.pl\/wp-content\/uploads\/2025\/12\/Taryfy-zal.-do-Decyzji-G.RZT_.70.1.36.2025.MW_.8-z-dnia-16.12.2025r-1.pdf\" type=\"application\/pdf\" style=\"width:100%;height:600px\" aria-label=\"Osadzone z Taryfy - za\u0142. do Decyzji G.RZT.70.1.36.2025.MW.8 z dnia 16.12.2025r..\"><\/object><a id=\"wp-block-file--media-3d9d93e7-5a72-49d8-8b8d-65ef64cc54f8\" href=\"https:\/\/pukg.pl\/wp-content\/uploads\/2025\/12\/Taryfy-zal.-do-Decyzji-G.RZT_.70.1.36.2025.MW_.8-z-dnia-16.12.2025r-1.pdf\">Taryfy &#8211; za\u0142. do Decyzji G.RZT.70.1.36.2025.MW.8 z dnia 16.12.2025r.<\/a><a href=\"https:\/\/pukg.pl\/wp-content\/uploads\/2025\/12\/Taryfy-zal.-do-Decyzji-G.RZT_.70.1.36.2025.MW_.8-z-dnia-16.12.2025r-1.pdf\" class=\"wp-block-file__button wp-element-button\" download aria-describedby=\"wp-block-file--media-3d9d93e7-5a72-49d8-8b8d-65ef64cc54f8\">Pobierz<\/a><\/div>\n<\/div><\/div>\n\n\n\n<div class=\"wp-block-media-text is-stacked-on-mobile\"><figure class=\"wp-block-media-text__media\"><\/figure><div class=\"wp-block-media-text__content\">\n<p><\/p>\n<\/div><\/div>\n\n\n\n<div class=\"wp-block-media-text is-stacked-on-mobile\"><figure class=\"wp-block-media-text__media\"><\/figure><div class=\"wp-block-media-text__content\">\n<p><\/p>\n<\/div><\/div>\n\n\n\n<p class=\"has-text-align-left\">Zarz\u0105d Przedsi\u0119biorstwo Us\u0142ug Komunalnych Gietrzwa\u0142d Sp. z o.o. z siedzib\u0105 w Gietrzwa\u0142dzie, informuje, <br>i\u017c decyzj\u0105 nr GD.RZT.70.102.331.2022\/D.DP z dnia 08.02.2023 r., wydan\u0105 przez organ reguluj\u0105cy Pa\u0144stwowe Gospodarstwo Wodne Wody Polskie, Regionalny Zarz\u0105d Gospodarki Wodnej w Gda\u0144sku, zosta\u0142a zatwierdzona Taryfa dla zbiorowego zaopatrzenia w wod\u0119 i zbiorowego odprowadzania \u015bciek\u00f3w na terenie Gminy Gietrzwa\u0142d na okres trzech lat. Taryfy Przedsi\u0119biorstwa Us\u0142ug Komunalnych Gietrzwa\u0142d Sp. z o.o. w Gietrzwa\u0142dzie dla zbiorowego zaopatrzenia w wod\u0119 i zbiorowego odprowadzania \u015bciek\u00f3w na terenie Gminy Gietrzwa\u0142d zosta\u0142y opublikowane na BIP Pa\u0144stwowego Gospodarstwa Wodnego Wody Polskie w dniu 21.02.2023 r., w zwi\u0105zku z powy\u017cszym wchodz\u0105 w \u017cycie z dniem 01.03.2023 r. <\/p>\n\n\n\n<p><a href=\"https:\/\/pukg.pl\/wp-content\/uploads\/2023\/11\/Taryfy-dla-zbiorowego-zaopatrzenia-w-wode-i-zbiorowego-odprowadzenia-sciekow.pdf\">Taryfy dla zbiorowego zaopatrzenia w wod\u0119 i zbiorowego odprowadzenia \u015bciek\u00f3w.<\/a><\/p>\n\n\n\n<p><a href=\"https:\/\/pukg.pl\/wp-content\/uploads\/2023\/11\/Decyzja-GD.RZT_.70.102.331.2022_D.DP_.pdf\">Decyzja GD.RZT.70.102.331.2022_D.DP<\/a><\/p>\n\n\n\n<p>Ok bo<\/p>\n","protected":false},"excerpt":{"rendered":"<p>Zarz\u0105d\u00a0Przedsi\u0119biorstwa\u00a0Us\u0142ug Komunalnych\u00a0Gietrzwa\u0142d\u00a0Sp. z o.o.\u00a0z siedzib\u0105 w\u00a0Gietrzwa\u0142dzie,\u00a0informuje i\u017c decyzj\u0105 nr G.RZT.70.1.36.2025.MW.8\u00a0z dnia\u00a016 grudnia 2025\u00a0r., wydan\u0105 przez organ reguluj\u0105cy Pa\u0144stwowe Gospodarstwo Wodne Wody Polskie, Regionalny Zarz\u0105d Gospodarki Wodnej w Gda\u0144sku, zosta\u0142a zatwierdzona Taryfa dla zbiorowego zaopatrzenia w wod\u0119 i zbiorowego odprowadzania \u015bciek\u00f3w na terenie Gminy Gietrzwa\u0142d na okres trzech lat.\u00a0Taryfy\u00a0Przedsi\u0119biorstwa\u00a0Us\u0142ug Komunalnych\u00a0Gietrzwa\u0142d\u00a0Sp. z o.o. w Gietrzwa\u0142dzie\u00a0dla zbiorowego zaopatrzenia [&hellip;]<\/p>\n","protected":false},"author":3,"featured_media":0,"parent":0,"menu_order":0,"comment_status":"closed","ping_status":"closed","template":"","meta":{"footnotes":""},"class_list":["post-194","page","type-page","status-publish","hentry"],"_links":{"self":[{"href":"https:\/\/pukg.pl\/index.php?rest_route=\/wp\/v2\/pages\/194","targetHints":{"allow":["GET"]}}],"collection":[{"href":"https:\/\/pukg.pl\/index.php?rest_route=\/wp\/v2\/pages"}],"about":[{"href":"https:\/\/pukg.pl\/index.php?rest_route=\/wp\/v2\/types\/page"}],"author":[{"embeddable":true,"href":"https:\/\/pukg.pl\/index.php?rest_route=\/wp\/v2\/users\/3"}],"replies":[{"embeddable":true,"href":"https:\/\/pukg.pl\/index.php?rest_route=%2Fwp%2Fv2%2Fcomments&post=194"}],"version-history":[{"count":8,"href":"https:\/\/pukg.pl\/index.php?rest_route=\/wp\/v2\/pages\/194\/revisions"}],"predecessor-version":[{"id":688,"href":"https:\/\/pukg.pl\/index.php?rest_route=\/wp\/v2\/pages\/194\/revisions\/688"}],"wp:attachment":[{"href":"https:\/\/pukg.pl\/index.php?rest_route=%2Fwp%2Fv2%2Fmedia&parent=194"}],"curies":[{"name":"wp","href":"https:\/\/api.w.org\/{rel}","templated":true}]}}