{"id":200,"date":"2023-11-15T13:07:41","date_gmt":"2023-11-15T12:07:41","guid":{"rendered":"https:\/\/pukg.pl\/?page_id=200"},"modified":"2026-03-30T12:59:08","modified_gmt":"2026-03-30T10:59:08","slug":"informacje-o-awariach","status":"publish","type":"page","link":"https:\/\/pukg.pl\/?page_id=200","title":{"rendered":"Informacje o awariach"},"content":{"rendered":"\n<p><\/p>\n\n\n\n<p><strong>Informacja o dy\u017curach telefonicznych \u2013 awarie sieci wodoci\u0105gowej<\/strong><strong> i sieci kanalizacji sanitarnej<\/strong><\/p>\n\n\n\n<p>Szanowni Pa\u0144stwo,<\/p>\n\n\n\n<p>informujemy, \u017ce w zwi\u0105zku z konieczno\u015bci\u0105 zapewnienia sprawnej obs\u0142ugi zg\u0142osze\u0144 dotycz\u0105cych awarii g\u0142\u00f3wnej sieci wodoci\u0105gowej przesy\u0142owej i rozdzielczej oraz przesy\u0142owej i rozdzielczej sieci kanalizacji sanitarnej, wprowadzono sta\u0142e dy\u017cury telefoniczne.<\/p>\n\n\n\n<p>Dy\u017cury pe\u0142nione s\u0105 7 dni w tygodniu, <strong>pod numerem telefonu 89&nbsp;512 35 10<\/strong>, w nast\u0119puj\u0105cych godzinach:<\/p>\n\n\n\n<ul class=\"wp-block-list\">\n<li>od poniedzia\u0142ku do pi\u0105tku: <strong>15:00 \u2013 2<\/strong><strong>2:00<\/strong><\/li>\n\n\n\n<li>w soboty i niedziele: <strong>6:00 \u2013 2<\/strong><strong>2:00<\/strong><\/li>\n<\/ul>\n\n\n\n<p>W wyznaczonych godzinach prosimy o zg\u0142aszanie wszelkich awarii oraz nieprawid\u0142owo\u015bci w funkcjonowaniu sieci wodoci\u0105gowej i sieci kanalizacji sanitarnej pod wskazanym numerem telefonu.<\/p>\n\n\n\n<p>W przypadku awarii przy\u0142\u0105czy wodno-kanalizacyjnych w obr\u0119bie nieruchomo\u015bci odbiorcy us\u0142ug prosimy o korzystanie z us\u0142ug komercyjnego pogotowia wodno-kanalizacyjnego.<\/p>\n\n\n\n<p>Dzi\u0119kujemy za wsp\u00f3\u0142prac\u0119 i pomoc w utrzymaniu sprawnego dzia\u0142ania infrastruktury wodno- kanalizacyjnej.<\/p>\n\n\n\n<p><\/p>\n","protected":false},"excerpt":{"rendered":"<p>Informacja o dy\u017curach telefonicznych \u2013 awarie sieci wodoci\u0105gowej i sieci kanalizacji sanitarnej Szanowni Pa\u0144stwo, informujemy, \u017ce w zwi\u0105zku z konieczno\u015bci\u0105 zapewnienia sprawnej obs\u0142ugi zg\u0142osze\u0144 dotycz\u0105cych awarii g\u0142\u00f3wnej sieci wodoci\u0105gowej przesy\u0142owej i rozdzielczej oraz przesy\u0142owej i rozdzielczej sieci kanalizacji sanitarnej, wprowadzono sta\u0142e dy\u017cury telefoniczne. Dy\u017cury pe\u0142nione s\u0105 7 dni w tygodniu, pod numerem telefonu 89&nbsp;512 35 [&hellip;]<\/p>\n","protected":false},"author":3,"featured_media":0,"parent":0,"menu_order":0,"comment_status":"closed","ping_status":"closed","template":"","meta":{"footnotes":""},"class_list":["post-200","page","type-page","status-publish","hentry"],"_links":{"self":[{"href":"https:\/\/pukg.pl\/index.php?rest_route=\/wp\/v2\/pages\/200","targetHints":{"allow":["GET"]}}],"collection":[{"href":"https:\/\/pukg.pl\/index.php?rest_route=\/wp\/v2\/pages"}],"about":[{"href":"https:\/\/pukg.pl\/index.php?rest_route=\/wp\/v2\/types\/page"}],"author":[{"embeddable":true,"href":"https:\/\/pukg.pl\/index.php?rest_route=\/wp\/v2\/users\/3"}],"replies":[{"embeddable":true,"href":"https:\/\/pukg.pl\/index.php?rest_route=%2Fwp%2Fv2%2Fcomments&post=200"}],"version-history":[{"count":10,"href":"https:\/\/pukg.pl\/index.php?rest_route=\/wp\/v2\/pages\/200\/revisions"}],"predecessor-version":[{"id":783,"href":"https:\/\/pukg.pl\/index.php?rest_route=\/wp\/v2\/pages\/200\/revisions\/783"}],"wp:attachment":[{"href":"https:\/\/pukg.pl\/index.php?rest_route=%2Fwp%2Fv2%2Fmedia&parent=200"}],"curies":[{"name":"wp","href":"https:\/\/api.w.org\/{rel}","templated":true}]}}