{"id":267,"date":"2023-11-17T12:45:33","date_gmt":"2023-11-17T11:45:33","guid":{"rendered":"https:\/\/pukg.pl\/?page_id=267"},"modified":"2023-11-17T12:45:34","modified_gmt":"2023-11-17T11:45:34","slug":"jakosc-wody","status":"publish","type":"page","link":"https:\/\/pukg.pl\/?page_id=267","title":{"rendered":"Jako\u015b\u0107 wody"},"content":{"rendered":"\n<div class=\"wp-block-columns is-layout-flex wp-container-core-columns-is-layout-9d6595d7 wp-block-columns-is-layout-flex\">\n<div class=\"wp-block-column is-layout-flow wp-block-column-is-layout-flow\" style=\"flex-basis:100%\">\n<p class=\"has-text-align-center\"><strong>Jako\u015b\u0107 wody<\/strong><\/p>\n\n\n\n<div class=\"wp-block-columns is-layout-flex wp-container-core-columns-is-layout-9d6595d7 wp-block-columns-is-layout-flex\">\n<div class=\"wp-block-column is-layout-flow wp-block-column-is-layout-flow\"><div class=\"wp-block-image\">\n<figure class=\"aligncenter size-full is-resized\"><img loading=\"lazy\" decoding=\"async\" width=\"370\" height=\"370\" src=\"https:\/\/pukg.pl\/wp-content\/uploads\/2023\/11\/gallery3.jpg\" alt=\"\" class=\"wp-image-269\" style=\"width:176px;height:auto\" srcset=\"https:\/\/pukg.pl\/wp-content\/uploads\/2023\/11\/gallery3.jpg 370w, https:\/\/pukg.pl\/wp-content\/uploads\/2023\/11\/gallery3-300x300.jpg 300w, https:\/\/pukg.pl\/wp-content\/uploads\/2023\/11\/gallery3-150x150.jpg 150w\" sizes=\"auto, (max-width: 370px) 100vw, 370px\" \/><\/figure>\n<\/div><\/div>\n\n\n\n<div class=\"wp-block-column is-layout-flow wp-block-column-is-layout-flow\">\n<p>Na uj\u0119ciach wody i sieci wodoci\u0105gowej jest na bie\u017c\u0105co kontrolowana przez Powiatow\u0105 Stacj\u0119 Sanitarno-Epidemiologiczn\u0105 w Olsztynie.<\/p>\n<\/div>\n<\/div>\n<\/div>\n<\/div>\n\n\n\n<p class=\"has-text-align-center\"><strong>Badane parametry<\/strong><\/p>\n\n\n\n<div class=\"wp-block-columns is-layout-flex wp-container-core-columns-is-layout-9d6595d7 wp-block-columns-is-layout-flex\">\n<div class=\"wp-block-column is-layout-flow wp-block-column-is-layout-flow\"><div class=\"wp-block-image\">\n<figure class=\"aligncenter size-full\"><img loading=\"lazy\" decoding=\"async\" width=\"176\" height=\"176\" src=\"https:\/\/pukg.pl\/wp-content\/uploads\/2023\/11\/blog9-1-200x176-1-e1606435469425.jpg\" alt=\"\" class=\"wp-image-268\" srcset=\"https:\/\/pukg.pl\/wp-content\/uploads\/2023\/11\/blog9-1-200x176-1-e1606435469425.jpg 176w, https:\/\/pukg.pl\/wp-content\/uploads\/2023\/11\/blog9-1-200x176-1-e1606435469425-150x150.jpg 150w\" sizes=\"auto, (max-width: 176px) 100vw, 176px\" \/><\/figure>\n<\/div><\/div>\n\n\n\n<div class=\"wp-block-column is-layout-flow wp-block-column-is-layout-flow\">\n<p>Fizykochemiczne i bakteriologiczne nie przekraczaj\u0105 dopuszczalnych norm, jakim powinna odpowiada\u0107 woda przeznaczona do spo\u017cycia przez ludzi \u2013 Rozporz\u0105dzenie Ministra Zdrowia z dnia 07 grudnia 2017 roku (Dz. U.2017 poz.2294).<\/p>\n<\/div>\n<\/div>\n","protected":false},"excerpt":{"rendered":"<p>Jako\u015b\u0107 wody Na uj\u0119ciach wody i sieci wodoci\u0105gowej jest na bie\u017c\u0105co kontrolowana przez Powiatow\u0105 Stacj\u0119 Sanitarno-Epidemiologiczn\u0105 w Olsztynie. Badane parametry Fizykochemiczne i bakteriologiczne nie przekraczaj\u0105 dopuszczalnych norm, jakim powinna odpowiada\u0107 woda przeznaczona do spo\u017cycia przez ludzi \u2013 Rozporz\u0105dzenie Ministra Zdrowia z dnia 07 grudnia 2017 roku (Dz. U.2017 poz.2294).<\/p>\n","protected":false},"author":3,"featured_media":0,"parent":0,"menu_order":0,"comment_status":"closed","ping_status":"closed","template":"","meta":{"footnotes":""},"class_list":["post-267","page","type-page","status-publish","hentry"],"_links":{"self":[{"href":"https:\/\/pukg.pl\/index.php?rest_route=\/wp\/v2\/pages\/267","targetHints":{"allow":["GET"]}}],"collection":[{"href":"https:\/\/pukg.pl\/index.php?rest_route=\/wp\/v2\/pages"}],"about":[{"href":"https:\/\/pukg.pl\/index.php?rest_route=\/wp\/v2\/types\/page"}],"author":[{"embeddable":true,"href":"https:\/\/pukg.pl\/index.php?rest_route=\/wp\/v2\/users\/3"}],"replies":[{"embeddable":true,"href":"https:\/\/pukg.pl\/index.php?rest_route=%2Fwp%2Fv2%2Fcomments&post=267"}],"version-history":[{"count":1,"href":"https:\/\/pukg.pl\/index.php?rest_route=\/wp\/v2\/pages\/267\/revisions"}],"predecessor-version":[{"id":270,"href":"https:\/\/pukg.pl\/index.php?rest_route=\/wp\/v2\/pages\/267\/revisions\/270"}],"wp:attachment":[{"href":"https:\/\/pukg.pl\/index.php?rest_route=%2Fwp%2Fv2%2Fmedia&parent=267"}],"curies":[{"name":"wp","href":"https:\/\/api.w.org\/{rel}","templated":true}]}}

Jakość wody

<div class="wp-block-columns is-layout-flex wp-container-core-columns-is-layout-9d6595d7 wp-block-columns-is-layout-flex">
<div class="wp-block-column is-layout-flow wp-block-column-is-layout-flow" style="flex-basis:100%">
<p class="has-text-align-center"><strong>Jakość wody</strong></p>



<div class="wp-block-columns is-layout-flex wp-container-core-columns-is-layout-9d6595d7 wp-block-columns-is-layout-flex">
<div class="wp-block-column is-layout-flow wp-block-column-is-layout-flow"><div class="wp-block-image">
<figure class="aligncenter size-full is-resized"><img loading="lazy" decoding="async" width="370" height="370" src="https://pukg.pl/wp-content/uploads/2023/11/gallery3.jpg" alt="" class="wp-image-269" style="width:176px;height:auto" srcset="https://pukg.pl/wp-content/uploads/2023/11/gallery3.jpg 370w, https://pukg.pl/wp-content/uploads/2023/11/gallery3-300x300.jpg 300w, https://pukg.pl/wp-content/uploads/2023/11/gallery3-150x150.jpg 150w" sizes="auto, (max-width: 370px) 100vw, 370px" /></figure>
</div></div>



<div class="wp-block-column is-layout-flow wp-block-column-is-layout-flow">
<p>Na ujęciach wody i sieci wodociągowej jest na bieżąco kontrolowana przez Powiatową Stację Sanitarno-Epidemiologiczną w Olsztynie.</p>
</div>
</div>
</div>
</div>



<p class="has-text-align-center"><strong>Badane parametry</strong></p>



<div class="wp-block-columns is-layout-flex wp-container-core-columns-is-layout-9d6595d7 wp-block-columns-is-layout-flex">
<div class="wp-block-column is-layout-flow wp-block-column-is-layout-flow"><div class="wp-block-image">
<figure class="aligncenter size-full"><img loading="lazy" decoding="async" width="176" height="176" src="https://pukg.pl/wp-content/uploads/2023/11/blog9-1-200x176-1-e1606435469425.jpg" alt="" class="wp-image-268" srcset="https://pukg.pl/wp-content/uploads/2023/11/blog9-1-200x176-1-e1606435469425.jpg 176w, https://pukg.pl/wp-content/uploads/2023/11/blog9-1-200x176-1-e1606435469425-150x150.jpg 150w" sizes="auto, (max-width: 176px) 100vw, 176px" /></figure>
</div></div>



<div class="wp-block-column is-layout-flow wp-block-column-is-layout-flow">
<p>Fizykochemiczne i bakteriologiczne nie przekraczają dopuszczalnych norm, jakim powinna odpowiadać woda przeznaczona do spożycia przez ludzi – Rozporządzenie Ministra Zdrowia z dnia 07 grudnia 2017 roku (Dz. U.2017 poz.2294).</p>
</div>
</div>

<p>Jakość wody Na ujęciach wody i sieci wodociągowej jest na bieżąco kontrolowana przez Powiatową Stację Sanitarno-Epidemiologiczną w Olsztynie. Badane parametry Fizykochemiczne i bakteriologiczne nie przekraczają dopuszczalnych norm, jakim powinna odpowiadać woda przeznaczona do spożycia przez ludzi – Rozporządzenie Ministra Zdrowia z dnia 07 grudnia 2017 roku (Dz. U.2017 poz.2294).</p>
