{"id":556,"date":"2024-11-18T19:40:53","date_gmt":"2024-11-18T18:40:53","guid":{"rendered":"https:\/\/pukg.pl\/?page_id=556"},"modified":"2024-11-19T19:31:59","modified_gmt":"2024-11-19T18:31:59","slug":"wplaty-i-windykacja-naleznosci","status":"publish","type":"page","link":"https:\/\/pukg.pl\/?page_id=556","title":{"rendered":"Wp\u0142aty i windykacja nale\u017cno\u015bci"},"content":{"rendered":"\n<p class=\"has-text-align-center\"><strong>WP\u0141ATY I WINDYKACJA NALE\u017bNO\u015aCI<\/strong><\/p>\n\n\n\n<p>Podstaw\u0105 obci\u0105\u017cenia nale\u017cno\u015bciami za us\u0142ugi \u015bwiadczone przez Przedsi\u0119biorstwo Us\u0142ug Komunalnych Gietrzwa\u0142d Sp. z o.o. jest faktura.<\/p>\n\n\n\n<p>Odbiorca dokonuje zap\u0142aty za us\u0142ugi w spos\u00f3b, w terminie i na konto okre\u015blone na fakturze.<\/p>\n\n\n\n<p>Na fakturze widnieje informacja o warto\u015bci zaleg\u0142o\u015bci wg stanu na dzie\u0144 wystawienia faktury, <strong>kt\u00f3ra traktowana jest jako upomnienie.<\/strong><\/p>\n\n\n\n<p>Odbiorca zobowi\u0105zany jest\u00a0<strong>do terminowej zap\u0142aty<\/strong>\u00a0nale\u017cno\u015bci za dostarczon\u0105 wod\u0119 i odprowadzone \u015bcieki.<\/p>\n\n\n\n<p class=\"has-text-align-center\"><strong>BRAK ZAP\u0141ATY W TERMINIE OKRE\u015aLONYM NA FAKTURZE JEST PODSTAW\u0104 DO WSZCZ\u0118CIA PROCEDURY WINDYKACYJNEJ.<\/strong><\/p>\n\n\n\n<p>Koszty windykacji ponosi zalegaj\u0105cy z op\u0142atami Odbiorca, a sk\u0142ada\u0107 si\u0119 na nie mog\u0105:<\/p>\n\n\n\n<ul class=\"wp-block-list\">\n<li>koszty s\u0105dowe,<\/li>\n\n\n\n<li>koszty pe\u0142nomocnika procesowego,<\/li>\n\n\n\n<li>koszty egzekucji komorniczej.<\/li>\n<\/ul>\n\n\n\n<p>Brak otrzymania faktury za dany okres rozliczeniowy, prosimy zg\u0142asza\u0107 niezw\u0142ocznie<br>pod nr tel. (89) 512 35 10 lub na adres email: <a href=\"about:blank\">kontakt@pukg.pl<\/a><\/p>\n\n\n\n<p class=\"has-text-align-center\"><strong><u>ODCI\u0118CIE DOSTAWY WODY LUB ZAMKNI\u0118CIE PRZY\u0141\u0104CZA KANALIZACYJNEGO<\/u><\/strong><\/p>\n\n\n\n<p>W przypadku braku zap\u0142aty za dwa pe\u0142ne okresy rozliczeniowe Sp\u00f3\u0142ka wysy\u0142a do Odbiorcy wezwanie w sprawie uregulowania zaleg\u0142ej op\u0142aty z wyznaczonym nowym terminem wp\u0142acenia zaleg\u0142ej nale\u017cno\u015bci. Gdy Odbiorca nie zareaguje na\u00a0dostarczone wezwanie i\u00a0nadal nie zostanie uiszczona zaleg\u0142a nale\u017cno\u015b\u0107, Sp\u00f3\u0142ka informuje Odbiorc\u0119\u00a0o:<\/p>\n\n\n\n<ol class=\"wp-block-list\">\n<li>podj\u0119ciu dzia\u0142a\u0144 zmierzaj\u0105cych do\u00a0wstrzymania dostawy wody do\u00a0nieruchomo\u015bci lub zamkni\u0119cia przy\u0142\u0105cza kanalizacyjnego w\u00a0przypadku nieuregulowania zaleg\u0142ej nale\u017cno\u015bci w\u00a0terminie 20\u00a0dni od\u00a0daty dor\u0119czenia pisma,<\/li>\n\n\n\n<li>poniesieniu przez Odbiorc\u0119 \u2013 w\u00a0przypadku wstrzymania dostawy wody do\u00a0nieruchomo\u015bci lub zamkni\u0119ciu przy\u0142\u0105cza kanalizacyjnego \u2013 koszt\u00f3w ponownego uruchomienia przy\u0142\u0105cza wodoci\u0105gowego<br>lub kanalizacyjnego.<\/li>\n<\/ol>\n\n\n\n<p>O zamiarze odci\u0119cia dostawy wody Sp\u00f3\u0142ka powiadamia:<\/p>\n\n\n\n<ul class=\"wp-block-list\">\n<li>Powiatowego Inspektora Sanitarnego,<\/li>\n\n\n\n<li>W\u00f3jta Gminy.<\/li>\n<\/ul>\n\n\n\n<p>Po up\u0142ywie 20 dni od daty dor\u0119czenia informacji odbiorca nadal zalega z nale\u017cno\u015bciami, Sp\u00f3\u0142ka przyst\u0119puje do odci\u0119cia przy\u0142\u0105cza wodoci\u0105gowego i\/lub kanalizacyjnego.<\/p>\n\n\n\n<p><strong><u>Nieodebranie pod wskazanym adresem wys\u0142anej korespondencji, uwa\u017ca si\u0119 za dostarczenie jej w terminie awizowania przez poczt\u0119.<\/u><\/strong><\/p>\n\n\n\n<p>Wznowienie dostarczania wody lub odprowadzania \u015bciek\u00f3w nast\u0119puje wy\u0142\u0105cznie po ca\u0142kowitym uregulowaniu przez Odbiorc\u0119 zad\u0142u\u017cenia oraz po op\u0142aceniu przez Odbiorc\u0119 koszt\u00f3w poniesionych przez Sp\u00f3\u0142k\u0119 w zwi\u0105zku z odci\u0119ciem dostaw wody lub zamkni\u0119ciem przy\u0142\u0105cza kanalizacyjnego i wznowieniem \u015bwiadczenia us\u0142ug.<\/p>\n\n\n\n<p class=\"has-text-align-center\"><strong><u>ROZ\u0141O\u017bENIE ZALEG\u0141O\u015aCI NA\u00a0RATY<\/u><\/strong><\/p>\n\n\n\n<p>W przypadku powstania na&nbsp;koncie Odbiorcy zaleg\u0142o\u015bci, mog\u0105 Pa\u0144stwo wyst\u0105pi\u0107 z&nbsp;pisemnym wnioskiem o&nbsp;roz\u0142o\u017cenie nale\u017cno\u015bci na&nbsp;raty.<\/p>\n\n\n\n<p>Wniosek musi posiada\u0107 uzasadnienie i&nbsp;okre\u015blon\u0105 przez Pa\u0144stwa liczb\u0119 rat.<\/p>\n\n\n\n<p>Po rozpoznaniu zg\u0142oszenia otrzymaj\u0105 Pa\u0144stwo pisemn\u0105 odpowied\u017a.<\/p>\n\n\n\n<div class=\"wp-block-columns is-layout-flex wp-container-core-columns-is-layout-9d6595d7 wp-block-columns-is-layout-flex\">\n<div class=\"wp-block-column is-layout-flow wp-block-column-is-layout-flow\">\n<p class=\"has-text-align-center\">Format WORD (docx)<\/p>\n\n\n\n<div class=\"wp-block-buttons is-content-justification-center is-layout-flex wp-container-core-buttons-is-layout-16018d1d wp-block-buttons-is-layout-flex\">\n<div class=\"wp-block-button\"><a class=\"wp-block-button__link has-text-align-center wp-element-button\" href=\"https:\/\/pukg.pl\/wp-content\/uploads\/2024\/11\/wniosek-o-raty.docx\">Wniosek o raty &#8211; WORD<\/a><\/div>\n<\/div>\n<\/div>\n\n\n\n<div class=\"wp-block-column is-layout-flow wp-block-column-is-layout-flow\">\n<p class=\"has-text-align-center\">Format PDF<\/p>\n\n\n\n<div class=\"wp-block-buttons is-content-justification-center is-layout-flex wp-container-core-buttons-is-layout-16018d1d wp-block-buttons-is-layout-flex\">\n<div class=\"wp-block-button\"><a class=\"wp-block-button__link has-text-align-center wp-element-button\" href=\"https:\/\/pukg.pl\/wp-content\/uploads\/2024\/11\/wniosek-o-raty.pdf\">Wniosek o raty &#8211; PDF<\/a><\/div>\n<\/div>\n<\/div>\n<\/div>\n\n\n\n<p><\/p>\n","protected":false},"excerpt":{"rendered":"<p>WP\u0141ATY I WINDYKACJA NALE\u017bNO\u015aCI Podstaw\u0105 obci\u0105\u017cenia nale\u017cno\u015bciami za us\u0142ugi \u015bwiadczone przez Przedsi\u0119biorstwo Us\u0142ug Komunalnych Gietrzwa\u0142d Sp. z o.o. jest faktura. Odbiorca dokonuje zap\u0142aty za us\u0142ugi w spos\u00f3b, w terminie i na konto okre\u015blone na fakturze. Na fakturze widnieje informacja o warto\u015bci zaleg\u0142o\u015bci wg stanu na dzie\u0144 wystawienia faktury, kt\u00f3ra traktowana jest jako upomnienie. Odbiorca zobowi\u0105zany [&hellip;]<\/p>\n","protected":false},"author":3,"featured_media":0,"parent":0,"menu_order":0,"comment_status":"closed","ping_status":"closed","template":"","meta":{"footnotes":""},"class_list":["post-556","page","type-page","status-publish","hentry"],"_links":{"self":[{"href":"https:\/\/pukg.pl\/index.php?rest_route=\/wp\/v2\/pages\/556","targetHints":{"allow":["GET"]}}],"collection":[{"href":"https:\/\/pukg.pl\/index.php?rest_route=\/wp\/v2\/pages"}],"about":[{"href":"https:\/\/pukg.pl\/index.php?rest_route=\/wp\/v2\/types\/page"}],"author":[{"embeddable":true,"href":"https:\/\/pukg.pl\/index.php?rest_route=\/wp\/v2\/users\/3"}],"replies":[{"embeddable":true,"href":"https:\/\/pukg.pl\/index.php?rest_route=%2Fwp%2Fv2%2Fcomments&post=556"}],"version-history":[{"count":12,"href":"https:\/\/pukg.pl\/index.php?rest_route=\/wp\/v2\/pages\/556\/revisions"}],"predecessor-version":[{"id":573,"href":"https:\/\/pukg.pl\/index.php?rest_route=\/wp\/v2\/pages\/556\/revisions\/573"}],"wp:attachment":[{"href":"https:\/\/pukg.pl\/index.php?rest_route=%2Fwp%2Fv2%2Fmedia&parent=556"}],"curies":[{"name":"wp","href":"https:\/\/api.w.org\/{rel}","templated":true}]}}